1901
List the prime factors of 516.
2, 3, 43
List the prime factors of 1430.
2, 5, 11, 13
List the prime factors of 1019.
1019
List the prime factors of 8046.
2, 3, 149
List the prime factors of 66869.
11, 6079
List the prime factors of 117853.
67, 1759
List the prime factors of 104192.
2, 11, 37
List the prime factors of 247.
13, 19
What are the prime factors of 77500?
2, 5, 31
What are the prime factors of 1789?
1789
What are the prime factors of 96902?
2, 13, 3727
List the prime factors of 52698.
2, 3, 8783
List the prime factors of 2835.
3, 5, 7
List the prime factors of 4918.
2, 2459
List the prime factors of 22605.
3, 5, 11, 137
What are the prime factors of 56175?
3, 5, 7, 107
What are the prime factors of 47917?
47917
What are the prime factors of 4159?
4159
What are the prime factors of 662?
2, 331
What are the prime factors of 177749?
11, 13, 113
What are the prime factors of 5851?
5851
List the prime factors of 41109.
3, 71, 193
What are the prime factors of 3850?
2, 5, 7, 11
What are the prime factors of 3631?
3631
List the prime factors of 7434.
2, 3, 7, 59
List the prime factors of 1029.
3, 7
What are the prime factors of 1211?
7, 173
List the prime factors of 7694.
2, 3847
List the prime factors of 1947.
3, 11, 59
What are the prime factors of 5915?
5, 7, 13
List the prime factors of 972.
2, 3
What are the prime factors of 35109?
3, 47, 83
List the prime factors of 15358.
2, 7, 1097
List the prime factors of 6895.
5, 7, 197
What are the prime factors of 220?
2, 5, 11
List the prime factors of 19689.
3, 6563
What are the prime factors of 6394?
2, 23, 139
List the prime factors of 931.
7, 19
List the prime factors of 125202.
2, 3, 7, 11, 271
List the prime factors of 35727.
3, 11909
List the prime factors of 835.
5, 167
What are the prime factors of 13570?
2, 5, 23, 59
What are the prime factors of 2048?
2
What are the prime factors of 697?
17, 41
What are the prime factors of 6025?
5, 241
What are the prime factors of 10935?
3, 5
What are the prime factors of 21661?
21661
What are the prime factors of 2143?
2143
What are the prime factors of 4085?
5, 19, 43
What are the prime factors of 11869?
11, 13, 83
List the prime factors of 1446.
2, 3, 241
What are the prime factors of 5820?
2, 3, 5, 97
What are the prime factors of 741?
3, 13, 19
What are the prime factors of 2177?
7, 311
What are the prime factors of 27256?
2, 3407
List the prime factors of 1661.
11, 151
What are the prime factors of 34341?
3, 11447
What are the prime factors of 9566?
2, 4783
What are the prime factors of 7154?
2, 7, 73
What are the prime factors of 404?
2, 101
What are the prime factors of 35150?
2, 5, 19, 37
List the prime factors of 90313.
90313
What are the prime factors of 752?
2, 47
What are the prime factors of 3262?
2, 7, 233
List the prime factors of 34111.
7, 11, 443
What are the prime factors of 56358?
2, 3, 31, 101
What are the prime factors of 3719?
3719
List the prime factors of 9130.
2, 5, 11, 83
List the prime factors of 1142.
2, 571
What are the prime factors of 135893?
135893
List the prime factors of 645.
3, 5, 43
What are the prime factors of 801?
3, 89
List the prime factors of 39441.
3, 13147
What are the prime factors of 9090?
2, 3, 5, 101
List the prime factors of 17973.
3, 1997
List the prime factors of 15255.
3, 5, 113
What are the prime factors of 3562?
2, 13, 137
List the prime factors of 7694.
2, 3847
List the prime factors of 4805.
5, 31
List the prime factors of 6098.
2, 3049
What are the prime factors of 5186?
2, 2593
What are the prime factors of 1214?
2, 607
What are the prime factors of 2119?
13, 163
What are the prime factors of 127389?
3, 42463
What are the prime factors of 6300?
2, 3, 5, 7
List the prime factors of 2113.
2113
What are the prime factors of 9562?
2, 7, 683
List the prime factors of 23364.
2, 3, 11, 59
List the prime factors of 4132.
2, 1033
List the prime factors of 17669.
17669
List the prime factors of 28892.
2, 31, 233
List the prime factors of 28266.
2, 3, 7, 673
What are the prime factors of 66027?
3, 13, 1693
List the prime factors of 3320.
2, 5, 83
What are the prime factors of 7020?
2, 3, 5, 13
List the prime factors of 23998.
2, 13, 71
What are the prime factors of 8970?
2, 3, 5, 13, 23
List the prime factors of 1785.
3, 5, 7, 17
List the prime factors of 10225.
5, 409
List the prime factors of 14433.
3, 17, 283
What are the prime factors of 57?
3, 19
List the prime factors of 88732.
2, 7, 3169
What are the prime factors of 8469?
3, 941
List the prime factors of 25139.
23, 1093
List the prime factors of 649.
11, 59
What are the prime factors of 1492?
2, 373
List the prime factors of 3526.
2, 41, 43
List the prime factors of 2193.
3, 17, 43
List the prime factors of 8040.
2, 3, 5, 67
What are the prime factors of 3853?
3853
What are the prime factors of 2761?
11, 251
What are the prime factors of 15710?
2, 5, 1571
What are the prime factors of 1511?
1511
List the prime factors of 30839.
30839
What are the prime factors of 66084?
2, 3, 5507
List the prime factors of 2014.
2, 19, 53
List the prime factors of 87499.
17, 5147
List the prime factors of 1095.
3, 5, 73
What are the prime factors of 3708?
2, 3, 103
What are the prime factors of 495?
3, 5, 11
What are the prime factors of 1313?
13, 101
List the prime factors of 7429.
17, 19, 23
What are the prime factors of 9439?
9439
List the prime factors of 83290.
2, 5, 8329
What are the prime factors of 517?
11, 47
What are the prime factors of 61330?
2, 5, 6133
List the prime factors of 6328.
2, 7, 113
List the prime factors of 8004.
2, 3, 23, 29
What are the prime factors of 1073?
29, 37
What are the prime factors of 65670?
2, 3, 5, 11, 199
What are the prime factors of 1831?
1831
What are the prime factors of 1096?
2, 137
List the prime factors of 47939.
47939
List the prime factors of 266.
2, 7, 19
What are the prime factors of 4613?
7, 659
List the prime factors of 13806.
2, 3, 13, 59
What are the prime factors of 56413?
7, 8059
What are the prime factors of 14042?
2, 7, 17, 59
What are the prime factors of 2133?
3, 79
What are the prime factors of 4833?
3, 179
What are the prime factors of 7461?
3, 829
List the prime factors of 11908.
2, 13, 229
List the prime factors of 2408.
2, 7, 43
What are the prime factors of 330?
2, 3, 5, 11
What are the prime factors of 5118?
2, 3, 853
List the prime factors of 45957.
3, 15319
List the prime factors of 2413.
19, 127
What are the prime factors of 425?
5, 17
What are the prime factors of 10494?
2, 3, 11, 53
List the prime factors of 13967.
13967
What are the prime factors of 19982?
2, 97, 103
List the prime factors of 1552.
2, 97
What are the prime factors of 11030?
2, 5, 1103
List the prime factors of 2999.
2999
What are the prime factors of 32366?
2, 16183
List the prime factors of 11075.
5, 443
List the prime factors of 6123.
3, 13, 157
What are the prime factors of 105859?
13, 17, 479
What are the prime factors of 1663?
1663
List the prime factors of 8314.
2, 4157
What are the prime factors of 33461?
33461
What are the prime factors of 63895?
5, 13, 983
List the prime factors of 8112.
2, 3, 13
What are the prime factors of 2255?
5, 11, 41
What are the prime factors of 143?
11, 13
What are the prime factors of 607?
607
What are the prime factors of 73368?
2, 3, 1019
What are the prime factors of 2394?
2, 3, 7, 19
List the prime factors of 17196.
2, 3, 1433
List the prime factors of 999.
3, 37
List the prime factors of 4238.
2, 13, 163
List the prime factors of 785.
5, 157
List the prime factors of 14185.
5, 2837
List the prime factors of 4.
2
What are the prime factors of 68916?
2, 3, 5743
List the prime factors of 1593.
3, 59
List the prime factors of 268.
2, 67
List the prime factors of 1061.
1061
List the prime factors of 10139.
10139
What are the prime factors of 37477?
11, 3407
List the prime factors of 9323.
9323
What are the prime factors of 6434?
2, 3217
List the prime factors of 9520.
2, 5, 7, 17
What are the prime factors of 2973?
3, 991
List the prime factors of 14570.
2, 5, 31, 47
List the prime factors of 1254.
2, 3, 11, 19
What are the prime factors of 5928?
2, 3, 13, 19
What are the prime factors of 81604?
2, 23, 887
What are the prime factors of 182?
2, 7, 13
What are the prime fac